ens digit of h(5)?
3
Let z(x) = 3*x**3 - 9*x**2 - 3*x + 1. What is the tens digit of z(5)?
3
Suppose -5*t + 0*d - 2*d + 28 = 0, 2*t = -5*d + 28. Suppose -2*s - 17 + 1 = -4*f, f - t*s = -3. What is the tens digit of (-15)/f - 22/(-1)?
1
Let p(q) = 4*q - 16. What is the units digit of p(8)?
6
Let g = 3 - 2. What is the units digit of g?
1
Let x = 159 + 33. Let u be (-4)/(-10) + (-129)/(-15). What is the units digit of x/u - 3/9?
1
Suppose 4*o - 91 = -d + 5, -4*d = -4*o + 116. Suppose -2*m = -7*m - o. Let c = 2 - m. What is the units digit of c?
7
Suppose 3*t + 2*t + 2*n = 178, -116 = -4*t + 5*n. Let f = 48 - t. Suppose -r - r + f = 0. What is the units digit of r?
7
Let f(y) = 12*y**3 + 1 + 2*y**2 - 4*y**2 - 11*y**3. What is the units digit of f(3)?
0
Let n(d) = -6*d**3 - d**2 - 6*d - 12. Let s(v) = -5*v**3 - 5*v - 11. Let g be (-3)/(3 + 0)*-6. Let f(c) = g*n(c) - 7*s(c). What is the tens digit of f(-6)?
1
Let s(z) = 343*z**2 + 6*z + 5. What is the units digit of s(-1)?
2
Let l = 76 - 113. Suppose k - 2*t + 38 = -9, 5*k - 2*t + 259 = 0. Let s = l - k. What is the units digit of s?
6
What is the tens digit of (11/(-2)*(-108)/18)/1?
3
What is the tens digit of 4 - (-2 + 3) - -1*58?
6
Let o(q) = -q + 4. What is the tens digit of o(-10)?
1
Suppose -v = -132 + 25. What is the hundreds digit of v?
1
Let n(u) = 11*u + 3. What is the tens digit of n(4)?
4
Suppose -3*h + 75 = 2*c, -2*h - h - 51 = -c. What is the units digit of c?
2
Suppose 4 = -5*h + 14. What is the units digit of h + (3 - (-1 + -6))?
2
Let v(y) = -y**3 - 6*y**2 - 4*y + 4. Let f be v(-4). Let u = f + 17. What is the units digit of u?
5
Suppose 7 + 11 = 3*o. What is the units digit of o?
6
Let j(p) = -p + 10. Let y be j(7). Let g = 5 - y. What is the tens digit of (-84)/(-8) + (-1)/g?
1
Suppose -5*s = 5*n - 130, -4*s - 2*n + 25 = -3*s. What is the units digit of s?
7
Let w = -5 + -1. Let o(s) = -2*s + 2. What is the units digit of o(w)?
4
Let n = -32 - -46. What is the tens digit of n?
1
Suppose -4*o - 82 = 2*y, -3*o + y = o + 85. Let j be (-36)/o + 2/7. Suppose -j*t - t = -9. What is the units digit of t?
3
Suppose -2*c - c = -12. Suppose g + c*g + 3*y - 152 = 0, -3*g = 4*y - 100. Suppose -i = -5*i + g. What is the units digit of i?
7
Suppose 0*k - 8 = -2*k + 2*q, -k + 5*q = -12. Let b(t) = 2*t + 4*t**k - 3*t + 0 - 5*t**2 + 6. What is the units digit of b(0)?
6
Let h be 0 + -2 + 6/2. Let l = h - -27. What is the tens digit of l?
2
Suppose 4*j = m + 12, 4*m + 3 = -0*j + j. Let k(o) = m - 3 - 2*o - 7. What is the units digit of k(-9)?
8
Suppose 2*f = 5*f - 27. Let r be (-2)/3 - (-112)/6. Let h = r - f. What is the units digit of h?
9
Suppose 5*o + 11 = 4*j, 4*j - 21 = -j - o. Suppose 4*k - 3*q = 34, 0*k - j*k - 4*q + 20 = 0. What is the units digit of k?
7
Let l(d) be the third derivative of 13*d**6/120 + d**5/30 - d**4/8 + d**3/3 + 7*d**2. What is the tens digit of l(1)?
1
Let i = -350 - -517. What is the tens digit of i?
6
What is the hundreds digit of ((-1 - 0)*6 - -3) + 174?
1
Suppose -2*a + 3*y = -13, 2*a - 9 = y + 2. Suppose -5*z + z = a*l + 11, -4*l - 5*z - 16 = 0. What is the units digit of l?
1
What is the units digit of 2/6 - (-96)/9?
1
Let g = 70 + -19. What is the tens digit of g?
5
Suppose 4*h = 4*q - 220, -2*h - 118 = -2*q + 2*h. What is the units digit of q?
1
Let p(b) = -4*b + 56. What is the tens digit of p(-29)?
7
Suppose -2*l = -v + 22 - 203, 3*l = 4*v + 264. What is the tens digit of l?
9
What is the hundreds digit of 266/(-4)*(-1 - 1)?
1
Suppose 0 = -2*g + 4*g + 16. Suppose -4*j - a = -19, -2*j + 4*a - 7 = -39. What is the units digit of (-6)/(g/j - -1)?
8
Let l(g) = g**3 - 5*g**2 + 3*g. Let t be l(4). Let d be 10/t*6/(-5). Suppose -6 = -d*f + 6. What is the units digit of f?
4
Let b(f) = -3*f**2 - 5*f + 2. Let s be b(4). What is the units digit of (1/(-1))/(11/s)?
6
Let y(s) = -s**3 - 11*s**2 + s + 13. Let v be y(-11). Suppose -v*f + 35 = 1. What is the units digit of f?
7
Suppose 0 = 3*q - 4*q + 2*j, -2*j = 4*q - 30. Let v(c) = c**2 - 3*c - 4. What is the units digit of v(q)?
4
Let y be (-14 - (-1)/1)/(-1). Let d = y + -3. What is the units digit of d?
0
What is the units digit of -1*8/3*-3?
8
Let k = 1 - -5. Suppose 4 = -2*m + 4*m, -6 = r - 4*m. What is the units digit of r/k + (-100)/(-15)?
7
Suppose 4*j - 5*n = -17, n + 0*n = 5. Let a(r) = -r**2 - 5*r - 1. Let b be a(-4). Suppose 2*d = b*m - 22, 3*m = 3*d - j*d + 26. What is the tens digit of m?
1
Let i = -11 - -15. Suppose i*l = 3*l + 20. Suppose 2*w + 0*w = l. What is the units digit of w?
0
Let f = -10 + 20. Let z = f + -7. What is the units digit of z?
3
Suppose 4*p + 172 = 3*n, 0 = -4*n + 2*p + 2*p + 224. Let d = -35 + n. What is the units digit of d?
7
Suppose 0*m - 8 = -4*m. Let r be m/(-4)*20*-1. Let t = r + -9. What is the units digit of t?
1
Let o(y) = y**3 + 14*y**2 + 7*y + 22. What is the tens digit of o(-12)?
2
Let a be 1/3 - (-933)/9. Suppose 5*t - a + 29 = 0. What is the units digit of t?
5
Let j(w) = -w**3 + 4*w**2 + w + 1. Let u be j(4). What is the units digit of (2 + -2 + u)*1?
5
Suppose 3*y + 93 = 8*y + 2*k, 5*k = -y + 37. Let d = 31 - y. What is the tens digit of d?
1
Let q(f) = 9*f. Let a(j) = -j - 1. Let p(u) = -4*a(u) - q(u). What is the units digit of p(-7)?
9
Let y = -15 - -53. What is the tens digit of y?
3
Suppose 11*g - 328 = 1025. What is the tens digit of g?
2
Suppose 51 = 5*z - 159. What is the tens digit of z?
4
Suppose -35 = -4*w - w. Let m(k) = -k**3 + 7*k**2 + k - 2. What is the units digit of m(w)?
5
Let i = 0 + 0. Suppose -3*g - 9 = 0, -3*b = -i*b + 5*g + 3. Let p = b + 10. What is the units digit of p?
4
Suppose 0 = 4*u - 2*v + 18, v + 6 + 21 = -4*u. What is the units digit of ((-21)/u - 2)*2?
3
What is the tens digit of 175 - ((-135)/(-35) - (-1)/7)?
7
Suppose 4*g = 40 + 36. What is the tens digit of g?
1
Let g(f) = -f - 3. Let x(i) = -2*i**3 + 2*i**2 + i + 1. Let z(s) = s + 2. Let b be z(0). Let k be x(b). What is the units digit of g(k)?
2
Let s(z) = z + 1. Let u be s(13). What is the units digit of (2 + u)/(1 - 0)?
6
Let h = -20 - -40. What is the units digit of h?
0
Let o(g) = -5*g - 3. Let x be o(-2). Let y = 13 - x. Suppose u + 0 - y = 0. What is the units digit of u?
6
What is the units digit of (-15)/(2/(-2 - 4*6))?
5
What is the units digit of ((-141)/9 + 2)/(3/(-18))?
2
Let j(w) = 4*w**2 + w + 2. What is the tens digit of j(-5)?
9
Suppose -5*w = 4*d + 67, 0 = 5*d + w + 4*w + 80. Let i be 6*(-9)/21*-7. Let l = d + i. What is the units digit of l?
5
Let c be 2*(70/(-4))/(-5). Suppose 0 = -c*u + 2*u. Suppose 0 = -3*x + 3*f - u*f + 36, -5*x = -4*f - 56. What is the units digit of x?
8
Suppose -5*m + 2*f = -35, 5*m - 45 = 3*f + f. Suppose 0*l - m*l = -2*n - 42, 2*l = 3*n + 19. What is the units digit of l?
8
What is the units digit of (-183)/(-9)*(3 + 3)?
2
Suppose 0*g = 2*g - 10, -w = -4*g + 44. Let v = 43 + w. What is the tens digit of v?
1
Suppose -2 = h - 0. Let r = -15 - h. Let k = r - -27. What is the tens digit of k?
1
Suppose -k = 2*o + 4, 0 = -3*o - 2*o + 5*k - 40. Let q = -3 - o. Suppose q = f - 18. What is the units digit of f?
9
Let v = 19 - 8. Let f = -2 + v. What is the units digit of f?
9
What is the units digit of (6 + -3)*(-474)/(-9)?
8
Suppose 8 - 341 = -3*v. What is the units digit of v?
1
Let f be (-4)/(4/(-2)) - 5. Let w(g) = -g + g**2 - 2*g**2 + 0*g**2 - 2*g**2 - g**3 + 1. What is the units digit of w(f)?
4
Let n(l) = -l**3 - 5*l**2 + 5*l + 7. Let y be 1/2*(38 + -2). Let h = 12 - y. What is the units digit of n(h)?
3
Suppose -72 - 48 = -4*c. What is the tens digit of c?
3
Let a(r) = r**3 + 15*r**2 - 4*r + 3. What is the tens digit of a(-15)?
6
Suppose -8 = 3*h + 3*b + 4, -b = -3*h - 12. What is the units digit of h/12 - (-14)/6?
2
Let n(u) = u + 11. Let h be (-4 - -4)*3/3. Suppose 4*c - 3*c = h. What is the units digit of n(c)?
1
Let k = 19 + -14. What is the tens digit of 12/60 + 109/k?
2
Suppose -9*g - 70 = -1033. What is the units digit of g?
7
Let b = 11 - 7. Suppose b*h = 53 - 9. What is the units digit of h?
1
Let b be (-2 - 0)/(-2) + 1. Suppose -b*r + 30 + 16 = 0. What is the units digit of r?
3
Let o = 21 - 41. Suppose 3*u - 5*u = 0. What is the tens digit of (o/(-6) + u)*3?
1
Let l(w) = 1 + 5*w + 0*w + 2*w**2 + 0*w**3 + w**3 - 7*w. Wh